{"id":186,"date":"2026-04-19T21:29:35","date_gmt":"2026-04-19T21:29:35","guid":{"rendered":"https:\/\/kobietywswietle.pl\/?page_id=186"},"modified":"2026-04-19T21:29:35","modified_gmt":"2026-04-19T21:29:35","slug":"wiecej","status":"publish","type":"page","link":"https:\/\/kobietywswietle.pl\/index.php\/wiecej\/","title":{"rendered":"Wi\u0119cej&#8230;."},"content":{"rendered":"\n<div class=\"wp-block-media-text is-stacked-on-mobile\"><figure class=\"wp-block-media-text__media\"><img loading=\"lazy\" decoding=\"async\" width=\"683\" height=\"1024\" src=\"http:\/\/kobietywswietle.pl\/wp-content\/uploads\/2026\/04\/ametyst-683x1024.jpg\" alt=\"\" class=\"wp-image-123 size-full\" srcset=\"https:\/\/kobietywswietle.pl\/wp-content\/uploads\/2026\/04\/ametyst-683x1024.jpg 683w, https:\/\/kobietywswietle.pl\/wp-content\/uploads\/2026\/04\/ametyst-200x300.jpg 200w, https:\/\/kobietywswietle.pl\/wp-content\/uploads\/2026\/04\/ametyst-768x1152.jpg 768w, https:\/\/kobietywswietle.pl\/wp-content\/uploads\/2026\/04\/ametyst.jpg 1024w\" sizes=\"auto, (max-width: 683px) 100vw, 683px\" \/><\/figure><div class=\"wp-block-media-text__content\">\n<p class=\"has-medium-font-size\">\u015awiat\u0142o, kt\u00f3re budzi, to nie tylko metafora \u2014 to delikatna si\u0142a, kt\u00f3ra porusza si\u0119 w kobiecie, gdy wreszcie pozwala sobie zatrzyma\u0107 si\u0119 i us\u0142ysze\u0107 w\u0142asny oddech. To moment, w kt\u00f3rym co\u015b w \u015brodku zaczyna mi\u0119kn\u0105\u0107, rozja\u015bnia\u0107 si\u0119 i powoli wraca\u0107 do \u017cycia. \u015awiat\u0142o jest w ka\u017cdej z nas \u2014 czasem ukryte pod warstwami codzienno\u015bci, czasem przygaszone przez trudne do\u015bwiadczenia, ale zawsze obecne, gotowe, by zn\u00f3w rozb\u0142ysn\u0105\u0107.  Przestrze\u0144, kt\u00f3ra przemienia, to miejsce, w kt\u00f3rym kobieta mo\u017ce by\u0107 sob\u0105 bez l\u0119ku, bez presji, bez oczekiwa\u0144. To przestrze\u0144, w kt\u00f3rej s\u0142owa nie musz\u0105 by\u0107 idealne, emocje mog\u0105 p\u0142yn\u0105\u0107 swobodnie, a cia\u0142o wreszcie mo\u017ce odetchn\u0105\u0107. W takiej przestrzeni zaczyna si\u0119 proces, kt\u00f3ry nie wymaga po\u015bpiechu \u2014 przemiana rodzi si\u0119 naturalnie, z czu\u0142o\u015bci\u0105, z uwa\u017cno\u015bci\u0105, z delikatnym prowadzeniem.  To tutaj kobiety ucz\u0105 si\u0119 s\u0142ucha\u0107 swojego cia\u0142a, ufa\u0107 swojej intuicji i odnajdywa\u0107 si\u0142\u0119 w tym, co mi\u0119kkie i subtelne. To tutaj tw\u00f3rczo\u015b\u0107 staje si\u0119 drog\u0105 do uzdrowienia, a rytua\u0142y \u2014 mostem do wewn\u0119trznego spokoju.  \u015awiat\u0142o budzi, gdy jest widziane. Przestrze\u0144 przemienia, gdy jest bezpieczna. A kiedy te dwa elementy spotykaj\u0105 si\u0119 w jednym miejscu \u2014 zaczyna si\u0119 prawdziwa, g\u0142\u0119boka kobieca podr\u00f3\u017c do siebie.<\/p>\n<\/div><\/div>\n","protected":false},"excerpt":{"rendered":"<p>\u015awiat\u0142o, kt\u00f3re budzi, to nie tylko metafora \u2014 to delikatna si\u0142a, kt\u00f3ra porusza si\u0119 w kobiecie, gdy wreszcie pozwala sobie zatrzyma\u0107 si\u0119 i us\u0142ysze\u0107 w\u0142asny oddech. To moment, w kt\u00f3rym co\u015b w \u015brodku zaczyna mi\u0119kn\u0105\u0107, rozja\u015bnia\u0107 si\u0119 i powoli wraca\u0107 do \u017cycia. \u015awiat\u0142o jest w ka\u017cdej z nas \u2014 czasem ukryte pod warstwami codzienno\u015bci, czasem [&hellip;]<\/p>\n","protected":false},"author":1,"featured_media":0,"parent":0,"menu_order":0,"comment_status":"closed","ping_status":"closed","template":"","meta":{"footnotes":""},"class_list":["post-186","page","type-page","status-publish","hentry"],"_links":{"self":[{"href":"https:\/\/kobietywswietle.pl\/index.php\/wp-json\/wp\/v2\/pages\/186","targetHints":{"allow":["GET"]}}],"collection":[{"href":"https:\/\/kobietywswietle.pl\/index.php\/wp-json\/wp\/v2\/pages"}],"about":[{"href":"https:\/\/kobietywswietle.pl\/index.php\/wp-json\/wp\/v2\/types\/page"}],"author":[{"embeddable":true,"href":"https:\/\/kobietywswietle.pl\/index.php\/wp-json\/wp\/v2\/users\/1"}],"replies":[{"embeddable":true,"href":"https:\/\/kobietywswietle.pl\/index.php\/wp-json\/wp\/v2\/comments?post=186"}],"version-history":[{"count":1,"href":"https:\/\/kobietywswietle.pl\/index.php\/wp-json\/wp\/v2\/pages\/186\/revisions"}],"predecessor-version":[{"id":187,"href":"https:\/\/kobietywswietle.pl\/index.php\/wp-json\/wp\/v2\/pages\/186\/revisions\/187"}],"wp:attachment":[{"href":"https:\/\/kobietywswietle.pl\/index.php\/wp-json\/wp\/v2\/media?parent=186"}],"curies":[{"name":"wp","href":"https:\/\/api.w.org\/{rel}","templated":true}]}}